64 + -36?
-133
In base 6, what is 11 - 0?
11
In base 3, what is -10001012 - 1?
-10001020
In base 5, what is -3 + -10322?
-10330
In base 10, what is 204 + -3?
201
In base 4, what is 232 + 113?
1011
In base 8, what is -17 + 123?
104
In base 8, what is -64 + -1?
-65
In base 9, what is -113 + 128?
15
In base 7, what is -1 - 1326?
-1330
In base 11, what is 19 - -110?
129
In base 6, what is 14 + 12?
30
In base 3, what is -21121 + 10011?
-11110
In base 7, what is -601 + -3?
-604
In base 14, what is -168c - -9?
-1683
In base 16, what is 8 - 3?
5
In base 3, what is 12110 + -1010?
11100
In base 12, what is 2 - 105?
-103
In base 5, what is 414 - -24?
443
In base 10, what is 1085 - -7?
1092
In base 7, what is -1 + 110?
106
In base 13, what is -27 + -5?
-2c
In base 15, what is -2 + -8?
-a
In base 15, what is -41 - -22?
-1e
In base 12, what is 0 - -9a7?
9a7
In base 13, what is -32b + -5?
-333
In base 2, what is -100011 - -100110?
11
In base 8, what is -61 - 5?
-66
In base 13, what is 0 + 2c?
2c
In base 7, what is 3 + 4300?
4303
In base 9, what is 370 - 30?
340
In base 16, what is -c7 + 2?
-c5
In base 11, what is 32 - -3?
35
In base 8, what is -14313 - 5?
-14320
In base 13, what is -2 - -143?
141
In base 13, what is 34 + 19?
50
In base 4, what is 12112 + -11?
12101
In base 7, what is -22 + 15?
-4
In base 13, what is -3 + -b25?
-b28
In base 7, what is 24214 + 3?
24220
In base 5, what is -14 - 1133?
-1202
In base 13, what is -5 - -43?
3b
In base 3, what is -12122 - 21?
-12220
In base 9, what is -643 - -7?
-635
In base 7, what is 5 + -42?
-34
In base 11, what is -1 - 291?
-292
In base 4, what is 20120 + 10?
20130
In base 13, what is -4 + 0?
-4
In base 3, what is 1 - -10120?
10121
In base 15, what is 0 + -139?
-139
In base 14, what is -2 - -28?
26
In base 3, what is -100 + -120102?
-120202
In base 5, what is 1 - -1034?
1040
In base 9, what is 3 + 6140?
6143
In base 9, what is -20 - 26?
-46
In base 15, what is 405 - -2?
407
In base 11, what is 2 + a4?
a6
In base 3, what is 10102 + -11?
10021
In base 14, what is -14 - -17?
3
In base 15, what is 138 + -21?
117
In base 8, what is 415 + -4?
411
In base 10, what is 8513 + -4?
8509
In base 13, what is 787 + -2?
785
In base 4, what is -22221202 + -1?
-22221203
In base 9, what is 0 + 334?
334
In base 14, what is -1a9 + 2?
-1a7
In base 14, what is 435 - -1?
436
In base 2, what is 100 + 101001?
101101
In base 5, what is 204 + -34?
120
In base 10, what is 82 - -9?
91
In base 3, what is 10010 + 1?
10011
In base 9, what is 44 + -13?
31
In base 16, what is -4 - 1c?
-20
In base 10, what is 568 + 5?
573
In base 5, what is 0 - -41222?
41222
In base 8, what is 1571 + -11?
1560
In base 3, what is 1020 + -201?
112
In base 10, what is -37 + -2?
-39
In base 12, what is -6 - 136?
-140
In base 13, what is -256 - 2?
-258
In base 8, what is -167 + -2?
-171
In base 10, what is 10 - -111?
121
In base 15, what is 9 - -40?
49
In base 10, what is 255 + 2?
257
In base 16, what is -18c + 5?
-187
In base 5, what is 32 - 122?
-40
In base 14, what is 2d11 + 1?
2d12
In base 6, what is -13 + -1231?
-1244
In base 12, what is 109 + -101?
8
In base 16, what is 125 + 2?
127
In base 11, what is -5 - 75?
-7a
In base 13, what is -5 + -8?
-10
In base 3, what is -11 + 11110?
11022
In base 2, what is -1001 - 100000?
-101001
In base 10, what is 3 + 7?
10
In base 12, what is 166 - 14?
152
In base 4, what is 11 + -310?
-233
In base 6, what is 1535 + -10?
1525
In base 11, what is -32 + -4?
-36
In base 2, what is 101 - 1110100?
-1101111
In base 13, what is 5 - -b?
13
In base 7, what is 45 + -1?
44
In base 6, what is -5 - -14?
5
In base 7, what is 2 - -510?
512
In base 3, what is -22100 - -101?
-21222
In base 7, what is -3643 - 1?
-3644
In base 6, what is 500 - 2?
454
In base 8, what is 2 + 142?
144
In base 4, what is -1332 + -102?
-2100
In base 5, what is 223 - 4?
214
In base 7, what is 3 - -12?
15
In base 3, what is -12000 - 12?
-12012
In base 16, what is -3 - 15c1?
-15c4
In base 16, what is -be - -5?
-b9
In base 3, what is 2112 + -102?
2010
In base 11, what is 49 + 260?
2a9
In base 13, what is -4b8 - 3?
-4bb
In base 8, what is 0 + 244?
244
In base 10, what is 672 + 1?
673
In base 7, what is -100 + 3?
-64
In base 14, what is d52 - -4?
d56
In base 12, what is -1a + 5?
-15
In base 7, what is 5 - 1341?
-1333
In base 2, what is 10000 - -10011?
100011
In base 16, what is 516 + 4?
51a
In base 14, what is 4 - 56?
-52
In base 12, what is 5 - 759?
-754
In base 11, what is a + -4?
6
In base 8, what is -14 + 3?
-11
In base 7, what is 14435 + -3?
14432
In base 12, what is -637 - -1?
-636
In base 5, what is -24342 - -2?
-24340
In base 8, what is -350 + -71?
-441
In base 15, what is -21 + -d?
-2e
In base 9, what is -4 + -125?
-130
In base 6, what is 144 - 1?
143
In base 11, what is 501 - a?
4a2
In base 16, what is 37e + -3?
37b
In base 6, what is 1 + -44?
-43
In base 3, what is 12 - 101001?
-100212
In base 12, what is -5 + -94?
-99
In base 16, what is 1 - 21?
-20
In base 7, what is -13355 + -1?
-13356
In base 11, what is -909 - -1?
-908
In base 8, what is 242 + 5?
247
In base 16, what is 6a + 1?
6b
In base 8, what is 0 + 52?
52
In base 11, what is -2 - 161?
-163
In base 8, what is 6 + -462?
-454
In base 11, what is -23 + 6?
-18
In base 8, what is -1221 + -2?
-1223
In base 10, what is 314 + -10?
304
In base 15, what is -30 + 1?
-2e
In base 4, what is -10 - -102?
32
In base 9, what is 241 + 0?
241
In base 8, what is -16 + -533?
-551
In base 6, what is 32 + -2?
30
In base 15, what is 91 - -3?
94
In base 12, what is 1 + -120?
-11b
In base 15, what is 4 - -3d?
42
In base 9, what is -758 + -3?
-762
In base 13, what is -1 + -1ba?
-1bb
In base 6, what is 23 - 435?
-412
In base 3, what is 10 + -1102221?
-1102211
In base 12, what is 14 + 92?
a6
In base 8, what is 63 - 2?
61
In base 11, what is -2a0 - -8?
-293
In base 5, what is -1432 - 4?
-1441
In base 9, what is -5 - -2474?
2468
In base 15, what is 408 - 2?
406
In base 6, what is 3 - 134?
-131
In base 4, what is 0 - -1302?
1302
In base 13, what is -12260 - -1?
-1225c
In base 12, what is 2 - -14?
16
In base 4, what is 20 + 103?
123
In base 13, what is 6 + -25?
-1c
In base 16, what is 1fcb - -1?
1fcc
In base 14, what is -3 - -27c?
279
In base 3, what is -1 + 20010202?
20010201
In base 4, what is 1312 - -1?
1313
In base 4, what is -2211322 - -10?
-2211312
In base 4, what is 10 - 31303?
-31233
In base 9, what is 117 - -5?
123
In base 15, what is 114 + 5?
119
In base 12, what is -1 - -19?
18
In base 3, what is 1001122 + 1?
1001200
In base 9, what is -2 + -8?
-11
In base 8, what is -1 - -202?
201
In base 15, what is 0 - -4dd?
4dd
In base 10, what is 59 - 47?
12
In base 13, what is -188 - 6?
-191
In base 13, what is -1bc9 - -3?
-1bc6
In base 13, what is 51 + 5b?
ac
In base 5, what is 422 + 0?
422
In base 14, what is -17b0 - 2?
-17b2
In base 10, what is 5 + -53?
-48
In base 9, what is -1 + -20?
-21
In base 3, what is 20022 + -22?
20000
In base 4, what is 2031 - -12?
2103
In base 16, what is -d - 138?
-145
In base 15, what is -3 + b0?
ac
In base 11, what is -11 - -7a?
69
In base 4, what is 31 + 13?
110
In base 13, what is -191b4 - -1?
-191b3
In base 12, what is -2 + -150?
-152
In base 6, what is 2354 - -2?
2400
In base 11, what is -3 - -1552?
154a
In base 7, what is -6302 - 0?
-6302
In base 15, what is 14e0 + 1?
14e1
In base 15, what is -960c - 4?
-9611
In base 12, what is -14 + -4?
-18
In base 11, what is -2145 - -2?
-2143
In base 4, what is -3332 + 0?
-3332
In base 8, what is 4 + -56?
-52
In base 10, what is 1688 - -1?
1689
In base 8, what is -1 + -271?
-272
In base 14, what is d - -b?
1a
In base 6, what is -3 - -1023?
1020
In base 10, what is -92 - -1?
-91
In base 7, what is -651 - 4?
-655
In base 10, what is 70 - 149?
-79
In base 6, what is -2 + -1023?
-1025
In base 16, what is 0 - 2c?
-2c
In base 9, what is -257 + -47?
-315
In base 16, what is -3 + -3c?
-3f
In base 3, what is 222211111 + 0?
222211111
In base 9, what is 424 + 0?
424
In base 8, what is 52 - -2?
54
In base 13, what is -431 + -5?
-436
In base 8, what is -16 + -32?
-50
In base 5, what is -212 + 1?
-211
In base 6, what is -100 - 4?
-104
In base 14, what is -332 - 3?
-335
In base 5, what is 41 + 2042?
2133
In base 14, what is 5 + -98?
-93
In base 11, what is -1169 - 2?
-1170
